w**5/20 + 11*w**4/12 - 25*w**3/6 + 7*w**2 + 2*w + 40. Let v be y(5). Calculate the highest common divisor of v and 65.
13
Suppose 1841 = -81*z + 152*z - 4620. Calculate the highest common divisor of z and 24661.
91
Let a be 1*-2*(-5 - 0). Let r be a/(-50) + ((-372)/(-10) - 1). Suppose i = -2*i + r. What is the highest common divisor of 12 and i?
12
Suppose 7*o - 11*o + 8 = 4*m, -5*m + 5*o = -20. Suppose m*r - 5*g = 8*r - 2650, r - 3*g = 542. What is the highest common divisor of 13 and r?
13
Let z be (6408/(-2492) - 2/(-14)*-3) + 93. What is the greatest common divisor of 9315 and z?
45
Let g be 3*1 - (-1 - 0). Let h be 1/4 - (-746)/(-8). Let f be h*36/(-39) + g/26. Calculate the highest common factor of 43 and f.
43
Let u = 7634 + -7495. What is the highest common divisor of u and 9313?
139
Let n(l) = -l**2 + 174*l - 7413. Let r be n(76). Calculate the greatest common divisor of r and 73115.
35
Let a = 1677 - 729. Calculate the greatest common divisor of a and 24.
12
Let p be (26/(-65))/((-2)/1270). Let z = p - 83. What is the greatest common divisor of 9 and z?
9
Suppose -4*g = -2*l + 4*l - 364, 5*l + g - 874 = 0. Suppose 120*x + 120 = 121*x - i, -476 = -4*x + 3*i. Calculate the greatest common factor of l and x.
58
Suppose -3*c + u = -67, 2*u + 113 = 2*c + 3*c. Suppose c*d = 28*d - 378. What is the greatest common divisor of 6 and d?
6
Suppose -3*g + 968 = -3*k + 128, 0 = -k. Let v = 4120 - 4080. What is the highest common factor of g and v?
40
Let v = 6255 - 3359. What is the highest common divisor of 48 and v?
16
Suppose 0 = -131*i + 147*i - 4931 + 451. Calculate the highest common divisor of i and 120.
40
Suppose m - 99 = 2*y, -89 = -0*m - m + 4*y. Suppose 75 = 2*i - 3*j, -7*i + 10*i - j - m = 0. What is the highest common factor of i and 16?
4
Let j(l) = -99*l - 55. Let p be j(-7). Suppose 5*o - p = -f + 383, -5*o = 2*f - 1017. Calculate the highest common divisor of o and 41.
41
Let i(n) = 145*n - 2381. Let y be i(16). Suppose 0 = -5*l + 3*l - 170. Let k = y - l. Calculate the highest common factor of 120 and k.
24
Let i(r) = 474*r**2 - 516*r - 9. Let x be i(7). Calculate the highest common divisor of 15 and x.
15
Let x(u) = -3*u**2 + 19*u - 5. Let i be x(6). Let z(s) = 806*s**2 - 24*s + 23. Let h be z(i). What is the greatest common divisor of 35 and h?
35
Let q(t) = -3*t. Let p be q(-3). Suppose 554*f - 590*f + 108 = 0. Calculate the greatest common divisor of p and f.
3
Let h(n) be the second derivative of n**3/3 + 5*n**2 + 5*n. Let q be h(8). Let b be 16/(-20)*(-15)/6*104. Calculate the highest common factor of q and b.
26
Suppose -300 + 660 = 20*d. Calculate the greatest common divisor of 549 and d.
9
Suppose 3*z + 14 = -t + 23, -z + 4*t + 3 = 0. Suppose -456 = -2*v + z*q, 2*v = -v - 4*q + 667. Calculate the highest common factor of 90 and v.
45
Suppose -2*u + 5*n = -33, -69 = 191*u - 192*u - 5*n. Calculate the highest common factor of u and 22406.
34
Suppose -87*v - 82*v + 5366 = -7647. Calculate the highest common divisor of 27412 and v.
77
Let r(m) = 307*m**2 + 214*m + 424. Let o be r(-2). What is the greatest common factor of o and 272?
136
Let n(w) = 2*w**3 + 202*w**2 + 21. Let a be n(-101). Calculate the greatest common factor of a and 231.
21
Suppose 8 - 40 = -4*v. Let c = 385438 - 385338. Calculate the highest common factor of v and c.
4
Let i(q) = 11*q - 389. Let x be i(39). Suppose 0 = -5*f + f + 2*j + 446, -3*j = 9. Calculate the greatest common factor of x and f.
10
Let f(p) = 22*p + 5. Let r be f(1). Suppose -2*j + 3*j = 4*q - 539, 3*j = 2*q - 267. Calculate the highest common factor of q and r.
27
Suppose 11820 + 8597 = 243*y + 3650. What is the highest common divisor of y and 1173?
69
Suppose -4*m - 3*k + 105 = 2*k, 3*m - 2*k - 73 = 0. Let v = 1154 - 679. Calculate the greatest common divisor of v and m.
25
Let j be (10 - 1)*(-229 - -232). Let p(o) = -o**3 - 10 + 4*o - 4*o**2 + 8*o**2 + 3*o**2. Let f be p(7). What is the highest common divisor of f and j?
9
Suppose -71*y + 100*y - 899 = 0. What is the greatest common factor of 899 and y?
31
Let f = -294 - -499. Let c = 225 - f. Let k(i) = 4*i**2 - i + 5. Let s be k(5). Calculate the greatest common divisor of s and c.
20
Suppose -27568 = -z + 4*p, -278*z = -273*z - 3*p - 137738. Calculate the greatest common divisor of z and 44.
44
Let t = -252 + 154. Let x = t + 96. Let m be (-804)/(-45) + x/(-15). What is the greatest common divisor of m and 54?
18
Let a be 17 - (-54 + (31 - 17)). What is the greatest common divisor of 3743 and a?
19
Suppose -4*f = -5*p - 33, -7*p + 12*p = f - 42. Let v be 12/p*15/(-4). Let r = 5 - 2. Calculate the highest common factor of v and r.
1
Let v = -371 + 403. Suppose r = v + 36. Calculate the greatest common divisor of r and 51.
17
Suppose 0 = 7*c - 3*c. Suppose 0 = -2*q - 2*r + 140 - 8, 3*r = q - 70. Let h be (-7 - -3) + q - c. What is the highest common divisor of h and 42?
21
Let q = 34 + -70. Let x be (q/(-27))/((-4)/(-114)). Calculate the highest common divisor of x and 19.
19
Suppose -2*w - 1665 = -11*w. Let t = w + -135. Calculate the greatest common divisor of t and 10.
10
Suppose -276*c - 3730 + 12562 = 0. What is the highest common divisor of c and 3232?
32
Let y be 1998/16983 + ((-8)/(-3))/(34/2370). Let w be 31/((-2 - -4)/8). What is the highest common factor of y and w?
62
Let p(o) = 108 - 109 - o + 6*o - 3*o + 11*o**2. Let m be p(-2). Calculate the greatest common divisor of m and 39.
39
Let y = 218 - 218. Suppose -n + 2*t = -11, n - 5*t - 23 = -y*n. What is the greatest common factor of 75 and n?
3
Let w be 555 - 8 - -9 - -11. Calculate the greatest common divisor of 252 and w.
63
Let g be 113 - (-2 - -1) - 3. Let s = 3349 - 3275. What is the highest common factor of g and s?
37
Suppose 9*s = 13*s - 500. Let l(c) = -15*c - 110. Let u be l(-14). What is the highest common factor of u and s?
25
Suppose u + 3*g - 372 = 0, -8*g + 12*g = -2*u + 738. Calculate the greatest common divisor of u and 66.
33
Let t(v) = 3*v**3 - 2*v**2 + 13*v + 26. Suppose 33*x - 28*x - 10 = -4*u, 3*x - 2*u - 28 = 0. Let m be t(x). What is the highest common divisor of 40 and m?
40
Suppose 4*f - 2*f = 15*f - 650. What is the highest common divisor of 3725 and f?
25
Suppose 0 = -7*t + 13 + 1. Suppose -t*l = 4*l. Suppose -6*i + 365 - 35 = l. Calculate the greatest common divisor of i and 5.
5
Let c = -67 - -63. Let y be (30/(-9)*c)/((-2)/(-3)). Calculate the greatest common factor of y and 340.
20
Let i be 1363*3 + 0 + (-7 - -12). Suppose -20*n = -7386 - i. What is the highest common factor of 14 and n?
14
Suppose 0 = 3*f - 853 - 65. Suppose f = 4*j - j. Let x(b) = 4*b**2 - 168*b - 1219. Let o be x(-7). Calculate the greatest common factor of j and o.
51
Let c(o) = -o**3 + 6*o**2 + 3*o - 7. Let x be c(6). Suppose -950 = -x*u + 6*u. Suppose 7*t - u = 2*t. What is the greatest common factor of 114 and t?
38
Suppose -10*a - 4*a = -79936 - 206028. Calculate the highest common factor of 14 and a.
14
Suppose -7*q - 6*q - 23*q = -1368. What is the greatest common divisor of q and 1102?
38
Suppose 3*m - 1074 = 681. Let n(x) = x**3 + 5*x**2 - 140*x - 151. Let d be n(-14). What is the greatest common factor of d and m?
45
Let i(a) = 725*a**3 - 14*a**2 + a - 2. Let r be i(2). What is the highest common factor of 16 and r?
16
Let m = 14855 - 14339. Calculate the greatest common divisor of m and 7912.
172
Let c(s) = 3*s + 4 + s - 3*s. Let j = -16 - -30. Let y be c(j). Calculate the greatest common divisor of y and 2.
2
Suppose s = -2*g + 90, -4*s - 4*g = -0*g - 348. Let w be ((3 + -3)/6)/1. Let i be (-3)/((4/(-28) - w)/1). What is the highest common divisor of i and s?
21
Let b be (308/1)/(0 - (-11)/((-99)/(-6))). Calculate the greatest common divisor of b and 4389.
231
Suppose -3*x = -3*i + 279, -119*x + 121*x + 6 = 0. Calculate the highest common factor of i and 120.
30
Suppose 0 = 2*y - 4*w - 206, -4*y = -5*w - 240 - 193. What is the highest common factor of 207 and y?
9
Let v(s) = -56*s + 63. Let n be v(-11). Suppose -5*z = -941 - n. Calculate the greatest common factor of z and 24.
12
Let j be (-1)/6*-4 + (-10320)/(-180). Let t = -8 + j. What is the highest common factor of 10 and t?
10
Let a be (512/96)/(4 + (-1488)/378). Let n = -215 - -341. What is the